-6
Let d(z) = -z**3 - 3*z**2 - 2. Let g(o) = -2*o - 2*o + 2*o + 4*o + 7. Suppose -3*a - 14 = 1. Let y be g(a). Give d(y).
-2
Suppose -4*v = 4*a + 19 - 7, -3*a = -3*v + 21. Let y be (-2)/((-6)/9*1). Let k(f) = 7 - 4 + f**v + y - 7*f + 2*f. Calculate k(4).
2
Let l(u) = 11*u**3 + 23*u**2 + 15*u + 17. Let y(m) = -5*m**3 - 11*m**2 - 7*m - 8. Let g(o) = 6*l(o) + 13*y(o). Determine g(5).
-7
Let w(a) = -2*a + 6. Suppose b + 4*b = 25. Give w(b).
-4
Let t(z) = -z**2 + z + 6. Let l be t(0). Suppose -5*u + 2*k = -l, 4*k = u + 2 + 4. Suppose -3*j = -2*j + u. Let h(i) = -i. What is h(j)?
2
Suppose 14 = -5*x + 4. Let b(v) be the first derivative of -v**2/2 + 30. What is b(x)?
2
Let d(y) be the third derivative of 0 + 1/24*y**4 + 0*y - 1/60*y**5 - y**2 - 1/120*y**6 + 1/6*y**3. Calculate d(-2).
3
Let w(b) be the third derivative of -b**8/6720 - b**7/504 - 7*b**6/720 - b**5/30 + b**4/6 + 2*b**2. Let y(o) be the second derivative of w(o). Give y(-4).
8
Suppose 4*j = -4*v + 4 + 16, -2*j + 3*v - 10 = 0. Suppose 2*b + b + 6 = 0, 5*y + b = 8. Let u(m) = -2 - 2*m**2 + j + 3*m + m**y. Give u(3).
-1
Let f(a) = 0*a + 0 - 1 - 3*a + 2*a**2. Let v(m) = 3*m - 3. Let p be v(2). Give f(p).
8
Let v(h) = -h**3 + 2*h**2 + 4*h + 3. Suppose 2*i - 5*b + 2*b = -25, -25 = -5*b. Let y = i + 3. Give v(y).
11
Let b(t) = t. Let u(c) = c**2 + 10*c + 3. Let h be u(-9). Let s be (-10)/(-10)*h*1. Determine b(s).
-6
Let t(o) be the third derivative of o**5/60 + o**4/6 + o**3/3 + 3*o**2. Let g be t(-5). Let z(a) = g - 3*a + a + a. Determine z(5).
2
Suppose -9 = -3*q - 3. Let v(g) = 4*g**2 - 2*g - 2. Give v(q).
10
Let u(k) = -4*k + 3. Let i(o) = -2*o. Let b be i(-3). Suppose -h + 5*a = -b*h - 15, -a + 1 = 3*h. What is u(h)?
-5
Let d = 9 - 12. Let n(m) = m**2 + m + 1. Determine n(d).
7
Suppose 4*z = 2*d + 2*d + 4, -5*z - 2*d = 23. Let s(b) = 2*b**2 + 3*b. Determine s(z).
9
Suppose 0 = -5*g + 20, -5*g = -0*y - 3*y - 11. Suppose -c = y*c - 2*o - 6, 4*c + 2*o = -14. Let t(i) = -5*i. Calculate t(c).
5
Let v(s) = -s**2 - 6*s + 2. Let i(j) = j**3 - 13*j**2 - 7. Let g be i(13). Let c = g + 1. What is v(c)?
2
Suppose 9 + 12 = -3*u. Let h(l) = -l**3 - 6*l**2 + 7*l - 7. Calculate h(u).
-7
Let p(l) = -19*l**2 + 7*l + 9. Let y(m) = -m**2 - m - 1. Let b(o) = -p(o) + 5*y(o). Let g(r) = r**2 - r - 1. Let n(a) = b(a) - 12*g(a). Give n(2).
6
Let t(u) = -5*u**2 - 7*u - 17. Let s(h) = -4*h**2 - 8*h - 16. Let x(o) = 4*s(o) - 3*t(o). What is x(-9)?
5
Let w(f) = 2*f**2 + f - 1. Suppose 3*n = -0*n + 9. Suppose 4*m = n*o + 10, o + m + 7 = -3*o. Determine w(o).
5
Let c = 14 - 10. Let u(g) be the third derivative of g**5/60 - 5*g**4/24 + g**3/2 + 2*g**2. Calculate u(c).
-1
Suppose -2*h + 2 = y + 11, -2*y - 13 = 3*h. Let c = y - -1. Let z(o) = -o**3 + c*o - 1 - 4*o**2 - 3*o + 0*o. Give z(-4).
3
Let n(s) = 4*s**3 - s**2 - s - 1. Let a(f) = f**3 - 9*f**2 - 8*f - 21. Let m be a(10). Calculate n(m).
-5
Let n(j) = 2*j**2 + 4*j + 5 - 4 - 2. Calculate n(-3).
5
Let v(c) be the third derivative of c**4/8 - c**3/6 + 3*c**2. Determine v(-4).
-13
Let n(a) = a**3 + 2*a - 2. Let b be n(2). Let r = 14 - b. Suppose -2*k + 3 = -u - k, 2 = -3*u - r*k. Let x(q) = -q**3 - 2*q**2 + 2*q + 3. Calculate x(u).
-1
Let f(a) = 11*a**3 - 14*a**2 - 14*a - 3. Let c(g) = 5*g**3 - 7*g**2 - 7*g - 2. Let y(q) = 13*c(q) - 6*f(q). Let r be 1 - (1 - 2 - 1). Let s = -9 + r. Give y(s).
-2
Let q(r) = r**2 - 4. Let o(b) = -b**2 + 7*b - 7. Let x be o(5). Calculate q(x).
5
Let s(y) = y**3 - 3*y**2 + y - 1. Let r be s(2). Let j = r - -6. Suppose -j*t - 2*t = 0. Let n(o) = o**3 - o - 6. What is n(t)?
-6
Let z(c) = -c**3 + c**2 + c - 2. Suppose -4*h = -8*h + f - 5, 4*h - 3*f = -15. Let g = 0 - h. Calculate z(g).
-2
Let l(v) = 2*v - v - v**2 + 7*v**2. Suppose 5*f + 2*u + 0 - 5 = 0, -3*u + 15 = 0. Give l(f).
5
Let h(y) = -y**3 + 6*y**2 - 3*y - 4. Let x(a) = -a**2 + 8*a - 2. Let i be x(7). Give h(i).
6
Let o(i) = i**2 + 4*i + 3. Let k be o(-5). Let n(a) = -2 + 7*a**2 + 2*a - k*a**2 + 4*a. Calculate n(4).
6
Let h(n) be the first derivative of 7*n**3/3 - n**2/2 - n - 16. Calculate h(-1).
7
Let r = -2 + 7. Let z(o) = o**3 + 5*o**2 - 4*o + 7. Let t be (7 + 8/(-2))*1. Let i(u) = -2*u**3 - 5*u**2 + 5*u - 8. Let n(x) = t*z(x) + 2*i(x). What is n(r)?
-5
Let t(p) = p + 6. Let j be 1 + (-191 + 3 - 1). Let v be j/28 + (-8)/28. Determine t(v).
-1
Let b(p) = 6*p**2 - 2*p**2 - 4*p - 3*p**2 - 5*p + 4. Let c be b(9). Let o(k) = -5*k**2 - 4 + k + 3 + c*k**3 - 5*k**3. Determine o(-5).
-6
Let k(g) = 2*g**2 - 3*g + 2. Suppose -q - h - 26 = -4*h, 5*q = -h - 66. Let t = q - -16. Give k(t).
4
Let v(t) = t**3 - 6*t**2 - 2*t - 6. Let o(u) = u**2 + u + 1. Let p(g) = -4*o(g) - v(g). Determine p(2).
-2
Suppose -8*x + 0 - 8 = 0. Let q(v) = -6*v - 1. What is q(x)?
5
Suppose -4*w - x - 2*x - 8 = 0, 0 = 3*x. Let r(t) = -3*t - 1. Let b be r(w). Let n(y) = 2 + 3 - 3*y + b*y. Calculate n(-4).
-3
Suppose 3*q + 7 - 19 = 0. Let s = 2 + 0. Let z(c) = 2*c + 1 - s + 3 - c**2. Determine z(q).
-6
Let c(h) = -h**2 - 6*h - 2. Let n be 38/(-6) - (-4)/3. Determine c(n).
3
Let u(h) be the second derivative of 2*h**5/5 - h**4/6 + h**3/6 + 18*h. Determine u(1).
7
Let t(l) = l**2 - l - 4. Let k be t(3). Let b be 1/k - 9/(-6). Let a(o) = b*o + 2*o + 0*o**2 - o**2. Determine a(5).
-5
Let j(l) = -2 - 2*l + 0*l + 3*l. Let o = -17 + 17. Suppose o*p = -p. Determine j(p).
-2
Let x(p) = -1 - 35*p + 5*p**3 + 63*p - 29*p - 3*p**2 - 6*p**3. What is x(-3)?
2
Let d(z) = z**3 - 8*z**2 + 8*z - 4. Let b be d(7). Let m(x) = x + 1. Let c(t) = 4*t. Let i(p) = -c(p) + 3*m(p). Give i(b).
0
Let f(m) = -3*m**2 - 16*m + 6. Let n(k) = -k**2 - 8*k + 3. Let o(p) = -2*f(p) + 5*n(p). Calculate o(7).
-4
Let v(i) = 2*i**3 - i**3 - 2*i**3 + 1 - 3*i + 2*i**3 + 4*i**2. Calculate v(-5).
-9
Suppose -s - 21 = -4*i, 2*s - 4 + 2 = -3*i. Suppose u + 12 = 4*u + d, -3*u + i*d + 27 = 0. Let x(z) = -u + 0 + 2 + 2*z. What is x(4)?
5
Let h(l) = l**2 - 7*l - 2. Let g = 20 - 13. Let t be h(g). Let d(n) be the second derivative of n**5/20 + n**4/4 + n**3/3 + n**2/2 - n. What is d(t)?
1
Let b be 18/(-14) + (-2)/(-7). Let g(p) = -64*p - 14. Let w(h) = 22*h + 5. Let s(n) = 4*g(n) + 11*w(n). Calculate s(b).
13
Let q(i) be the third derivative of -i**5/60 + i**4/3 - i**3/6 - 28*i**2. Give q(6).
11
Let q(l) = -5*l**2 - 4*l + 21. Let w(u) = u**2 + u - 5. Let b(c) = -2*q(c) - 9*w(c). Let p be -2 + (-7)/(-1 - -2). Let x = p - -9. What is b(x)?
3
Let m(t) = t - 13. Let p(f) = 2*f - 69. Let h(z) = -z + 70. Let b(q) = -3*h(q) - 4*p(q). Let a be ((-1)/3)/(1/33). Let i(x) = a*m(x) - 2*b(x). Give i(5).
6
Suppose 2*q - 4 = q. Suppose -2 - 10 = -q*j. Let s(i) = i**3 - 2*i**2 - 3*i - 4. Determine s(j).
-4
Let b(h) = h**3 + 4*h**2 + 5*h + 4. Let w be (-2 + -19)/(-3)*3. Let o = -9 + w. Suppose 3*n + n = -o. Determine b(n).
-2
Let f(y) = -9*y**3 + y**2 + 15*y + 5. Let i(q) = -5*q**3 + q**2 + 8*q + 3. Let t(d) = 4*f(d) - 7*i(d). Determine t(-4).
-1
Let n(l) = -13*l. Suppose -5*s = -4*s + 5. Let z(a) = 45*a. Let y(h) = s*z(h) - 18*n(h). Give y(1).
9
Let g(n) = 2*n - 1. Let p(u) = 5*u - 3. Let d(s) = 7*g(s) - 3*p(s). Let f be ((-12)/10)/((-1)/5). Determine d(f).
-4
Let q(o) be the first derivative of 5*o**2/2 - 3*o - 9. Give q(2).
7
Let y(n) be the third derivative of -n**6/10 + n**5/60 + n**4/24 - n**3/6 - 12*n**2. Give y(1).
-11
Let d be 2/(-4) - 11/(-2). Let r(a) = a - 1. Let w(z) = -z. Let j(g) = d*r(g) + 4*w(g). Calculate j(4).
-1
Let w(a) = -4*a + 1. Let s(p) = -2*p + 1. Let u(g) = 5*s(g) - 2*w(g). What is u(6)?
-9
Let g(k) be the third derivative of k**4/24 + 9*k**2 + 1. Let v = -5 + 8. What is g(v)?
3
Suppose 2*v - 28 = -2*v. Let j(u) = -u**2 + 5*u + 8. Determine j(v).
-6
Suppose -w = -4*b + 13, -2*w - 3 = 7. Let i = 6 - b. Suppose 2*v + 5 = -t, t + v = i*t - 6. Let n(o) = 9*o**2 + o - 1. Determine n(t).
9
Let t(d) be the third derivative of -d**6/120 - d**5/30 + d**3/6 - 4*d**2. Give t(1).
-2
Let a(x) = 0 - 2*x**2 + 2 - 6*x + x**2 - 8. What is a(-5)?
-1
Let i(m) = -1 + 6 + m - 3*m. Let y(j) = 5*j - 14. Let a(s) = -11*i(s) - 4*y(s). What is a(-1)?
-1
Let u(h) be the third derivative of h**4/24 - h**3/6 + 28*h**2. Determine u(-6).
-7
Let x(t) = -t**2 + 5*t - 4. Let p(m) = 3*m + 0*m - 2*m. Let b(z) = p(z) - x(z). Calculate b(5).
9
Suppose -24 = 22*b - 10*b. Let n(r) = 3*r**2 + r + 